- (3 - 12)?
1
Calculate (-46 - -39) + -25 - -36.
4
(-8 - 27) + 27 + 46
38
0 + -4 - (10 - (-9 - (0 - 20)))
-3
Calculate 16 - (-1 + 8 + 18).
-9
What is (-11 - 1) + -4 + 4?
-12
Evaluate -8 + (-41 - -19) - -39.
9
Calculate 14 - (-11 + (-12 - (-51 + -2))).
-16
Evaluate (-4 + 16 - -16) + -21.
7
What is 17 - ((3 - 7) + (-24 - -30))?
15
-22 + (5 + -21 - -19) - -38
19
10 - 16 - (-11 - -21)
-16
Calculate 1 + 15 - (-1 + (13 - 3)).
7
Evaluate 2 + -5 + 282 + -259.
20
Evaluate (-8 + (7 - -2) - -8) + -18.
-9
What is the value of 4 - ((12 - 9) + 8)?
-7
What is -7 - (20 + (-2 - 15) - (-2 + 0))?
-12
What is (-3 - 0) + (-1 - 2) - (154 - 150)?
-10
What is (5 - -1) + (2 - 4) + (-18 - -1)?
-13
What is the value of -5 + (0 - (-7 + 1 - -8)) - -15?
8
Evaluate (-1 + -8 - -16) + 3 + 18 + 4.
32
Calculate -5 + -5 + (-5 + -1 - (-2 + -3)).
-11
What is the value of -8 - 1 - (5 + (-4 - 15))?
5
What is the value of -6 - (0 - ((1 - -4) + (16 - 16)))?
-1
Evaluate (0 - -8) + 8 + -8 + -14 + 10.
4
Calculate 1 + -6 + -4 - -11.
2
Evaluate 0 - (10 + (7 - 17) + 11).
-11
3 + -6 + -20 + -16 - -12
-27
Evaluate 12 + (-12 + 27 - 8) - -6.
25
What is -773 - -754 - (2 - (54 + -2))?
31
What is (-290 - -281) + (45 - 5)?
31
What is -3 - ((-3 - -7) + -2 - 24 - -2)?
17
Evaluate -5 - (-12 - (-4 + 0 - -2)).
5
What is the value of 5 + (-5 - 1) + -7 + 2?
-6
3 + -11 + 7 + -5 + 17
11
Evaluate -18 + -2 + (12 - 3) + 1.
-10
-14 + (14 - (10 + -19)) - (2 + 23)
-16
What is -4 + -5 + 7 + 0 + -8?
-10
What is the value of -1 + -17 - (41 + -46)?
-13
Calculate (7 - (-2 + 26 + 6) - -4) + 7.
-12
What is the value of -16 - -7 - (2 + -2)?
-9
What is the value of 2 + -8 + 10 + -8 + -30?
-34
Evaluate -12 + (49 - 1) + -112 + 99.
23
Evaluate -12 + (0 + 6 - (171 - 162)).
-15
What is (0 - 2) + 4 + 41 + (-12 - 10)?
21
Evaluate 8 - (-10 + 6 + 7) - -2.
7
(-2 + 5 - -2) + 104 + -95
14
What is the value of 0 + 4 - ((-2 - 9) + 15) - -5?
5
What is -11 + (25 + -12 - 1 - 0) + -10?
-9
8 - ((-1 - -10) + -7 + -12)
18
Evaluate (-11 - (-4 + -7)) + -5 - -11.
6
What is the value of -5 - 0 - (-24 - -11) - 18?
-10
What is 28 + 3 - (2 + 16)?
13
-1 - -3 - (-31 - -17 - -8)
8
Evaluate -8 + 2 + 17 + -4.
7
What is the value of 2 + 7 + -2 + 7 + -7 - -11?
18
What is the value of -1 + -17 - -1 - 6?
-23
Calculate -7 - (39 + -28 - (2 - -7)).
-9
What is the value of 6 + -1 - (18 - (24 + -14))?
-3
(-6 - 1) + (-13 + 15 - 3)
-8
Calculate (-63 - -16 - -23) + 20.
-4
What is -3 - ((-18 - 2) + 7)?
10
What is the value of -1 - -25 - (-832 - -853)?
3
14 + (13 + -4 - 2 - 19)
2
What is the value of (0 - 3) + (504 - 504)?
-3
What is the value of 9 + ((2 - 19) + 11 - -3) + 23?
29
What is the value of 2 + 6 + -9 + 7 - 1?
5
What is 0 + -28 + (2 + -7 - 2) + 8?
-27
Calculate 12 + -24 + (10 - 19) + 23.
2
What is -5 - (1 + (-1 - 0) + -36 + 40)?
-9
Calculate -8 + (0 - 0) + -16631 + 16641.
2
-12 + 5 + (17 - -13)
23
Evaluate (-8 - (-12 + -11) - -12) + (-3 - 3).
21
-21 + -8 + 28 + 16 + -1
14
Evaluate (-22 - (-6 - 5) - 5) + 4.
-12
(4 - 1) + 12 + -25 - (16 + -24)
-2
Calculate 15 - (-1 - (10 + -10 - -3)).
19
12 + 0 + 13 + -32
-7
(-15 - -20 - 0) + 2 + (2 - 8)
1
Calculate 5 - 11 - (1 + 4 - 12).
1
-6 + -1 + 12 - 16
-11
(10 - (-4 - 8 - -20)) + -20
-18
Evaluate (6 - 1 - -1) + (10 - (15 - -1)).
0
What is the value of 3 - -6 - (1 - ((-6 - 2) + 2))?
2
Evaluate (3 - 1) + (-7 + 10 - -19) + -11.
13
Calculate -15 + 27 - 20 - -8.
0
Evaluate 3 + 13 + -2 + -20.
-6
(1 - -2) + (4 - (-12 + 5)) - 5
9
Evaluate 3 + (13 - 5 - 12).
-1
What is the value of -9 - 33 - (-23 + -1 + 5 - -12)?
-35
What is -1 + -1 - (16 + -42 + 35)?
-11
Calculate 28 + (3 - 2) + -14 + 13 + -6.
22
Calculate (-33 - -30 - (-1 - -3)) + 9.
4
Calculate -79 + 60 + (-2 - -13 - 3).
-11
Evaluate 5 - 29 - (-1 + -1 - (6 + -3)).
-19
What is -20 - 8 - (29 + -47)?
-10
What is the value of -2 + -2 + 0 + 0 + (8 - 2)?
2
Calculate (17 - (-15 + 25)) + (0 - (-3 + -2)).
12
Calculate 11 + 1 - ((2 - 40) + 56).
-6
What is 14 - (-1 - (-9 + -3))?
3
What is the value of -29 - (9 + -49) - (0 - 6)?
17
Calculate 18 + (-2 - -5 - 1) + -22 + 19.
17
What is 0 + 0 + (261 - 264)?
-3
Evaluate -2 + 5 + -304 + 292.
-9
Evaluate (-32 - -8) + (20 - 4).
-8
What is -35 + 5 + 28 - (21 - 0 - 0)?
-23
Calculate 7 - (30 + -9 + -16).
2
What is the value of 9 - ((7 + -11 - 5) + (0 - -4))?
14
What is -12 + 10 + 3 - (0 + 0 + 0)?
1
Calculate 8 + (12 - 12 - 5) - (-4 - -3).
4
What is the value of (-18 - -23) + -39 - (-3 - 13)?
-18
What is -8 + (7 + (5 - 1) - 19)?
-16
Calculate 1 - 0 - (-41 + 41) - (9 + -1).
-7
What is the value of (9 + -5 + -4 - 9) + 17?
8
Evaluate -284 - -298 - (0 + 9).
5
What is the value of (-15 - -26 - (-6 - -1)) + 1 + 4?
21
What is 12 + (6 + -23 - -4) + 22?
21
What is 0 + (-3 - 3) + (8 - 3 - 7)?
-8
What is the value of -10 + 20 + -8 + 8 + -7 - -18?
21
Calculate -236 + 240 + (0 - (4 - 0)).
0
3 - 7 - (-11 - -3 - -3 - -4)
-3
Calculate 12 - 14 - (1 - -1 - 0) - 1.
-5
Evaluate -7 - (15 + -23 + (2 - -3)).
-4
Evaluate -3 + 5 + 1 + (14 - 59) + 8.
-34
What is (0 - -16 - (-56 - -65)) + (-2 - -1)?
6
1 + 19 + 902 + -910
12
What is 0 + -4 - (176 + -186) - (1 - -35)?
-30
What is (-9 - -1) + (14 - (7 - -17 - -12))?
-30
Calculate -1 - -24 - (517 + -486).
-8
-51 + (14 - -45) - (1 - (-7 + 1))
1
What is the value of -14 - (-3 - 1) - (-8 - 20)?
18
What is (2 - -6) + (0 - 3) + 15 + -23?
-3
What is the value of (-149 - -147) + -11 + 3?
-10
(-3 - -22 - 2) + (-10 - 0) - 20
-13
Calculate 1 + -2 - (-15 - -21) - (-2 - 1).
-4
What is 14 - 4 - (12 + (14 - -2))?
-18
What is the value of -6 - (1 + -1 + (4 - 12 - -10))?
-8
What is the value of 4 + ((-2 - -6 - 0) + 0 - 10)?
-2
(-13 - -7 - 4 - -6) + -11
-15
Calculate (-50 - -20 - 18) + (1 - -15).
-32
(-7 + 10 - (-5 + -1)) + -2 - -18
25
What is the value of (-20 - 9) + 16 + -1 - -21?
7
Evaluate (-88 - -107) + (2 - 3) + 2.
20
Calculate (1 - 5) + (90 - 88).
-2
-5 + 39 + -19 + 7
22
What is -23 - 0 - (9 + -23)?
-9
What is (-10 + -1 + 8 - -5) + 19?
21
What is the value of -3 - (8 + -16 + 14)?
-9
Calculate 18 + -22 + 0 + 15.
11
What is the value of -10 - (11 - (-3 + 1)) - -1?
-22
What is -30 + -30 + 25 + 44?
9
12 + (18 - 10) - 12
8
What is -176 + 174 - (-12 + 1)?
9
114 - 122 - (-5 - 17)
14
What is the value of (-24 - -67) + -36 + -34?
-27
What is 2 - (16 - (-1 + 3))?
-12
Calculate 35 + -11 + 1 - 42.
-17
What is the value of -1 + -7 - (-3 + (-15 - -6) + 3)?
1
What is 36 + 0 + -29 + (1 - 0) + -1?
7
Evaluate -6 - -10 - (5 + -10 + 1) - -7.
15
What is (2 - -3 - 3) + 4 - (-20 + 17)?
9
What is the value of -4 - (-4 - 2) - -7 - (1 + -6)?
14
Evaluate 3 - (8 - 1) - 5 - -6.
-3
What is the value of -18 + (-3 + 8 - 0) - -9?
-4
What is (7 - (-1 + -4 + 8)) + 2 + -3?
3
Evaluate -6 - (-10 + 16 + -14 - 30).
32
Evaluate -23 + (1 - (6 - (2 - -1)) - -6).
-19
What is the value of 14 + (23 - (6 + 17))?
14
Evaluate 245 + -255 + 13 + 2.
5
What is 13 - ((7 - (0 - -10)) + 4)?
12
30 + (-28 - 1) - (1 - 9)
9
Calculate 1 + (14 - 37) + 14 + 14.
6
Evaluate (1 - 4) + 9 + -11 - -4.
-1
What is -28 - (7 + (-2 - -3) - (-134 - -148))?
-22
Calculate 25 + (-47 - -20 - 8).
-10
Evaluate 2 - (30 + -34) - (22 - 0).
-16
Calculate 11 + (-81 - -68 - (-9 - 2)) + -1.
8
What is -4 + -4 - (8 - (11 - -3))?
-2
106 + -93 - (40 + -2)
-25
Evaluate -15 - (-18 + 9 + -7) - 12.
-11
Evaluate (-2 + -1 - -4) + 41 + -42 - 4.
-4
What is the value of 5 + 0 + -4 + -6 + 5 + 0?
0
What is the value of 1 + -7 + (10 - 0 - 0)?
4
Evaluate -59 + 60 + 0 + 7.
8
-44 - -1 - (-747 + 710)
-6
What is the value of -3 - 0 - (20 - (24 - -2))?
3
Evaluate -16 + -3 + (5 - (-16 + 32)).
-30
What is 2 - 7 - -8 - -4 - 14 - -16?
9
What is the value of (3 - 5) + -2 - (129 - 128)?
-5
Calculate -10 + 13 + 32 + -25.
10
What is the value of (5 - (-1 + 5) - 0) + (1 - 2)?
0
Calculate ((5 - 1) + 6 - 31) + 10.
-11
Calculate -6 + 14 - 11 - 2 - (0 - -2).
-7
What is 0 + (-3 + -6 - -19) + -8 - 16?
-14
11 + -2 + -7 + -8
-6
Calculate (-2 - 1) + 9 + (-13 - -28) + -9.
12
Evaluate (187 - 210) + 1 + -3 + -4.
-29
What is -10 - (-18 + -4 + 16)?
-4
What is -5 + 0 + -2 - (1536 - 1528)?
-15
Calculate -12 + -3 + 0 + -9 + (18 - 1).
-7
Evaluate 3 + 8 + 2 - (13 - -2).
-2
Calculate -2 + (-5 - -8) + 1 + 2 + -6.
-2
Calculate -55 - (2 - 28) - (0 + -1 + -7).
-21
What is -125 - -124 - (1 - 3)?
1
What is the value of 13 - (5 + -9) - 7 - (-5 - 0)?
15
Calculate -6 - -2 - -4 - (